inder when 194 is divided by (4/(-12)*-116)/(56/84)?
20
Let d(s) = -3*s + 78. What is the remainder when 29 is divided by d(22)?
5
Suppose 0 = -3*r - r + 16, -118 = -2*i - 2*r. Let z = 95 - i. What is the remainder when 154 is divided by z?
34
Let j(q) = -q**3 - 12*q**2 + 40*q - 42. Let u(l) = l**2 - 7*l + 5. What is the remainder when j(-16) is divided by u(11)?
48
Suppose 5*x + 0*a + 2*a + 29 = 0, -5*a = -4*x - 43. Let f(l) = -l**2 - 7*l - 6. Let m be f(x). Calculate the remainder when 30 is divided by m/4*(-96)/9.
14
Let w(k) = -22*k - 63. What is the remainder when w(-10) is divided by 16?
13
Let g = -9 + 44. Calculate the remainder when 56/8*(-8)/(-28) - -277 is divided by g.
34
Let w(q) = 2*q - 25. Suppose 0*b + 5*b = 430. Suppose 3*i + 20 - b = -4*k, -3*k - 3*i + 51 = 0. Calculate the remainder when 14 is divided by w(k).
4
Let s = -142 + 147. Let u(m) = 6*m**3 + 3*m**2 - 4*m + 3. Let v be u(2). Suppose s*r - v = 55. What is the remainder when r is divided by 8?
6
Suppose 188*d = 182*d + 486. Suppose 99 = -0*s + 2*s + 3*y, y - 173 = -4*s. What is the remainder when d is divided by s?
39
Let a = 55 - 36. Let o = 43 - a. Calculate the remainder when 45 is divided by o.
21
Suppose 4*z + 8 = 6*z. Suppose 2*b - 12 - 50 = z*l, -4*l = 5*b + 55. Let a = l + 44. What is the remainder when a is divided by 15?
14
Let j = 10 - 7. Suppose -2*c + 84 = -56. Suppose c*u - 50 = 65*u. What is the remainder when u is divided by j?
1
Let s(u) = 2*u**2 - 8*u - 2. Let i(j) = j**2 - j. Let n(p) = 6*i(p) - s(p). What is the remainder when n(4) is divided by 19?
17
Let b(d) = -14*d - 3. Let i be b(1). Let x(g) = -g**3 - 18*g**2 - 19*g - 18. Let a = 9 - 3. What is the remainder when x(i) is divided by a?
4
Suppose 5*a = -415 + 500. What is the remainder when a is divided by 2/(-4)*(0 - 14)?
3
Suppose -d + 3*f = -145, -3*d + 4*f - f = -441. Suppose d = 2*s + 98. Calculate the remainder when 46 is divided by s.
21
Suppose 228*n + 1757 = 235*n. Let f(c) = -c**3 + 8*c**2 - 5*c. What is the remainder when n is divided by f(6)?
41
Let s = 60 - 55. Suppose 4*p = 2*q - 88 + 402, 2*p + s*q = 151. What is the remainder when p is divided by 41?
37
Suppose 10*o + 870 = 3320. Calculate the remainder when o is divided by 126.
119
Suppose 7*t - 5*t + 59 = 5*m, -m + t = -13. What is the remainder when (-12)/(-18) - (-236)/6 is divided by m?
7
Suppose 0 = 57*i - 5224 - 24302. What is the remainder when i is divided by 105?
98
Let s(m) = -1. Let v(y) = -y + 5. Let d(f) = -s(f) + v(f). What is the remainder when 49 is divided by d(-4)?
9
What is the remainder when 46 is divided by (-132)/(-8) + 27/18?
10
Suppose 6*t - 21 = -9. Calculate the remainder when t - 1 - 2 - (10 + -86) is divided by (1 + 22 + 3)/2.
10
Calculate the remainder when ((-62)/(-2))/((3 - 2)*1) is divided by 8.
7
Suppose -o = r + 2 - 24, -4*o = r - 34. What is the remainder when 33 is divided by r?
15
Let m(d) = -d**2 + 20*d - 65. Let l(z) = 5*z + 3. Suppose 6*j = j + 15. What is the remainder when m(10) is divided by l(j)?
17
Suppose -2*l = -2*w - 16, 5*w - w = -4. Calculate the remainder when 33/(4/2 + -1) is divided by l.
5
Let j(z) = 6*z. Let o(k) = -k**2 - 4*k - 3. Let n = -9 - -7. Let q be o(n). What is the remainder when 16 is divided by j(q)?
4
Let n = -1050 - -1111. Calculate the remainder when 116 is divided by n.
55
Let j(n) = -n**3 - 8*n**2 - 5*n + 2. Let h be j(-8). Suppose 0 = -4*r + 3*s + 29 + 6, 3*r = -3*s + h. What is the remainder when 63 is divided by r?
8
Let x(r) = r**2 + 5*r + 5. Let p(v) be the first derivative of v**3/3 - 3*v**2/2 + 3*v + 1. Calculate the remainder when p(7) is divided by x(-6).
9
Suppose q + 3*f = 35 + 61, 5*f + 232 = 3*q. What is the remainder when q is divided by 22?
18
Let w(a) = 15*a**2 - 7*a + 9. Let i be w(-5). Suppose -5*o = -i - 391. Calculate the remainder when o is divided by 41.
39
Let n(x) = x**3 - 17*x**2 + 15*x + 30. What is the remainder when 109 is divided by n(16)?
11
Suppose 9*d = -19 + 100. Calculate the remainder when 51 is divided by d.
6
Let x = 6 + -3. Suppose 4*l + 20 = -o, 9*l - 4*l = -25. Suppose o*q + x*q - 72 = 0. Calculate the remainder when 93 is divided by q.
21
Suppose -4*w + 5*h + 55 + 72 = 0, -3*h = -3*w + 96. Let i(j) = j**2 + j + 4. Let y be i(-3). Calculate the remainder when w is divided by 4/y - (-232)/20.
9
Suppose -i + 3 + 1 = 0. Let d(j) = j**2 - j - 2. Let f be d(0). Calculate the remainder when (i/(-12))/(f/132) is divided by 6.
4
Suppose 27*d + 45 = 32*d. Calculate the remainder when 48 is divided by d.
3
Suppose 77*m - 289 = 60*m. What is the remainder when 130 is divided by m?
11
Suppose 17*o = 18*o - 33. Calculate the remainder when 130 is divided by o.
31
Let s(u) = -u**3 + 10*u**2 + 28*u + 3. What is the remainder when 395 is divided by s(-3)?
35
Let u(v) = 7*v**2 - 5*v + 1. Calculate the remainder when u(5) is divided by 52.
47
Let j(d) = 9*d - 198. Calculate the remainder when 178 is divided by j(28).
16
Suppose -3*t = -3*l, 0*l = 3*t + 3*l - 18. Calculate the remainder when 5/(15/132) - t is divided by 11.
8
Let n(c) = -c + 14. Let j be n(11). Suppose 221 = 4*m - i, 0 = -m - m + j*i + 113. Let b(o) = -4*o - 84. What is the remainder when m is divided by b(-28)?
27
Let q = 33 - 26. Let g = -17 - -27. Suppose o - g*o = -225. Calculate the remainder when o is divided by q.
4
Suppose -5*b = -2*o + 6, 2*o = -3*o - b + 15. Suppose 0 = -3*t - 5*q + 253, -237 = -3*t + 11*q - 8*q. Calculate the remainder when t is divided by o.
0
Let h(p) = -66*p - 1 + 0 - 13*p + 12. Let i be h(-5). Suppose 4*z = -3*z + i. What is the remainder when z is divided by 15?
13
Let d be (-1870)/(-18) + 1/9. Let o = d - 25. Suppose r - 100 = -4*r. What is the remainder when o is divided by r?
19
Let r(x) = 3*x - 10. Let d be r(7). Suppose 2*k - d = -7. What is the remainder when (2 - 2 - 26)/(-2) is divided by k?
1
Let r(q) = q**2 - 11*q + 4. Let k be r(12). Suppose 0 = -3*l, x - l + 4*l - 5 = 0. Calculate the remainder when x is divided by (-2)/k + 200/64.
2
Let z(d) = -2*d**3 - 11*d**2 + 4*d + 10. What is the remainder when 75 is divided by z(-6)?
9
Let f(p) = 2*p**2 + 3*p - 6. Let j(x) = -4*x**2 + x. Let g be j(-1). What is the remainder when 112 is divided by f(g)?
25
Let l(p) = p + 5. Let m be l(4). Let a(x) = -x**2 + 14*x + 7. Let q(o) = -2. Let r(v) = a(v) + 6*q(v). Calculate the remainder when r(m) is divided by 14.
12
Suppose -80 = -106*r + 102*r. What is the remainder when (2 + -6)/((-84)/r - -4) is divided by 7?
6
Let u = 30 - 19. What is the remainder when 1206/42 - 2/(-7) is divided by u?
7
Suppose -x + 36 = -9*s + 7*s, -8 = 2*x. What is the remainder when 62 is divided by -1 + -3 + 0 - s?
14
Let y(t) = t**3 + 11*t**2 + 8*t + 6. Calculate the remainder when 519 is divided by y(-10).
25
Calculate the remainder when 947 - (9 - (-1 + 20)) is divided by 96.
93
Let w be ((-6)/(-9))/((-1)/39). Let k = -18 - w. Calculate the remainder when 29 is divided by k.
5
Suppose r + 31 = 2*t, -t - r = -0*t - 11. Let x = 23 - t. Suppose 0 = -5*l + x*l - 280. What is the remainder when l is divided by 18?
16
Let g = -70 + 57. Let v = 16 + g. What is the remainder when 21 is divided by v?
0
Suppose -2*i + 7 + 6 = -5*p, 3*p = 3*i - 15. Calculate the remainder when 7 is divided by (-119)/(-28) - p/(-4).
3
Suppose 4*a = 4*r + 524, 5*a + 4*r - 385 = 261. Suppose -3*q = 2*q - a. Calculate the remainder when 127 is divided by q.
23
Suppose -148 - 209 = -17*t. Calculate the remainder when 246 is divided by t.
15
Let h(g) be the second derivative of -2*g**3 - g**2 + 3*g**2 + 8*g - g**2. Calculate the remainder when 51 is divided by h(-2).
25
Let b = -49 + 291. Let l = b - -10. Calculate the remainder when l is divided by 51.
48
Let c(x) = 12*x + 8. Let i be c(-4). Let t = i - -43. Suppose -t*k = -2*b + 63, b - 19 - 5 = 4*k. Calculate the remainder when 69 is divided by b.
33
Let r(s) = 3*s**2 + 2*s - 2. Let x = -31 - -33. What is the remainder when 55 is divided by r(x)?
13
Let i(s) = -3*s + 17. Let c be i(4). Suppose 0 = 2*k - 6, -119 + 30 = -c*a + 2*k. What is the remainder when a is divided by 7?
5
Suppose -5*w = -0*b - b - 32, -10 = -2*w - b. Let y(r) = 2*r**2 - 26*r + 12. Let u be y(13). Let h = u - -10. Calculate the remainder when h is divided by w.
4
Le